e remainder when 25 is divided by 10.
5
What is the remainder when 133 is divided by 41?
10
Calculate the remainder when 1941 is divided by 21.
9
What is the remainder when 2147 is divided by 44?
35
Calculate the remainder when 229 is divided by 17.
8
Calculate the remainder when 42 is divided by 37.
5
Calculate the remainder when 2676 is divided by 34.
24
Calculate the remainder when 39 is divided by 16.
7
Calculate the remainder when 98172 is divided by 357.
354
Calculate the remainder when 2412 is divided by 69.
66
What is the remainder when 145 is divided by 68?
9
Calculate the remainder when 170 is divided by 67.
36
Calculate the remainder when 909 is divided by 65.
64
Calculate the remainder when 359 is divided by 11.
7
What is the remainder when 2980 is divided by 71?
69
What is the remainder when 134 is divided by 19?
1
Calculate the remainder when 215 is divided by 54.
53
Calculate the remainder when 11878 is divided by 120.
118
What is the remainder when 370 is divided by 338?
32
Calculate the remainder when 247 is divided by 34.
9
What is the remainder when 446 is divided by 83?
31
What is the remainder when 473 is divided by 67?
4
What is the remainder when 298 is divided by 31?
19
Calculate the remainder when 16 is divided by 6.
4
What is the remainder when 67 is divided by 33?
1
What is the remainder when 401 is divided by 142?
117
Calculate the remainder when 117 is divided by 11.
7
Calculate the remainder when 1245 is divided by 78.
75
What is the remainder when 656 is divided by 30?
26
Calculate the remainder when 963 is divided by 201.
159
Calculate the remainder when 131 is divided by 124.
7
What is the remainder when 645 is divided by 638?
7
What is the remainder when 513 is divided by 25?
13
What is the remainder when 3220 is divided by 18?
16
Calculate the remainder when 45 is divided by 16.
13
What is the remainder when 740 is divided by 39?
38
Calculate the remainder when 794 is divided by 162.
146
What is the remainder when 5087 is divided by 1267?
19
Calculate the remainder when 407 is divided by 17.
16
What is the remainder when 65 is divided by 27?
11
What is the remainder when 638 is divided by 162?
152
Calculate the remainder when 172 is divided by 15.
7
What is the remainder when 34 is divided by 5?
4
What is the remainder when 949 is divided by 40?
29
Calculate the remainder when 1488 is divided by 10.
8
What is the remainder when 147 is divided by 51?
45
Calculate the remainder when 391 is divided by 49.
48
Calculate the remainder when 9985 is divided by 172.
9
What is the remainder when 141 is divided by 29?
25
Calculate the remainder when 717 is divided by 8.
5
Calculate the remainder when 597 is divided by 20.
17
What is the remainder when 5982 is divided by 11?
9
Calculate the remainder when 5278 is divided by 40.
38
What is the remainder when 194 is divided by 30?
14
What is the remainder when 341 is divided by 19?
18
What is the remainder when 103 is divided by 59?
44
Calculate the remainder when 145 is divided by 7.
5
Calculate the remainder when 3124 is divided by 92.
88
What is the remainder when 468 is divided by 88?
28
Calculate the remainder when 87 is divided by 65.
22
What is the remainder when 153 is divided by 40?
33
Calculate the remainder when 148 is divided by 26.
18
What is the remainder when 562 is divided by 147?
121
What is the remainder when 2601 is divided by 11?
5
What is the remainder when 189 is divided by 81?
27
What is the remainder when 361 is divided by 92?
85
Calculate the remainder when 451 is divided by 145.
16
Calculate the remainder when 53 is divided by 31.
22
Calculate the remainder when 14787 is divided by 30.
27
Calculate the remainder when 4990 is divided by 16.
14
What is the remainder when 29 is divided by 6?
5
Calculate the remainder when 1096 is divided by 197.
111
What is the remainder when 121 is divided by 69?
52
Calculate the remainder when 184 is divided by 101.
83
Calculate the remainder when 1113 is divided by 16.
9
Calculate the remainder when 64 is divided by 36.
28
What is the remainder when 285 is divided by 13?
12
What is the remainder when 817 is divided by 72?
25
What is the remainder when 107 is divided by 32?
11
Calculate the remainder when 96 is divided by 36.
24
Calculate the remainder when 257 is divided by 16.
1
What is the remainder when 8510 is divided by 129?
125
Calculate the remainder when 283 is divided by 94.
1
What is the remainder when 541 is divided by 16?
13
What is the remainder when 61 is divided by 13?
9
Calculate the remainder when 491 is divided by 13.
10
What is the remainder when 75 is divided by 12?
3
What is the remainder when 3225 is divided by 34?
29
Calculate the remainder when 74 is divided by 5.
4
What is the remainder when 348 is divided by 51?
42
What is the remainder when 239 is divided by 13?
5
Calculate the remainder when 257 is divided by 98.
61
What is the remainder when 376 is divided by 129?
118
Calculate the remainder when 720 is divided by 400.
320
Calculate the remainder when 400 is divided by 125.
25
What is the remainder when 1462 is divided by 61?
59
Calculate the remainder when 512 is divided by 60.
32
What is the remainder when 1105 is divided by 141?
118
Calculate the remainder when 255 is divided by 84.
3
What is the remainder when 764 is divided by 32?
28
What is the remainder when 15350 is divided by 7?
6
What is the remainder when 1273 is divided by 320?
313
Calculate the remainder when 3094 is divided by 3058.
36
Calculate the remainder when 234 is divided by 59.
57
Calculate the remainder when 513 is divided by 19.
0
Calculate the remainder when 10927 is divided by 8.
7
What is the remainder when 415 is divided by 41?
5
Calculate the remainder when 6958 is divided by 58.
56
Calculate the remainder when 1385 is divided by 82.
73
Calculate the remainder when 2539 is divided by 257.
226
What is the remainder when 341 is divided by 19?
18
Calculate the remainder when 8621 is divided by 15.
11
What is the remainder when 70 is divided by 12?
10
Calculate the remainder when 60 is divided by 37.
23
What is the remainder when 199 is divided by 27?
10
What is the remainder when 753 is divided by 373?
7
What is the remainder when 487 is divided by 233?
21
What is the remainder when 486 is divided by 166?
154
What is the remainder when 381 is divided by 4?
1
Calculate the remainder when 345 is divided by 312.
33
What is the remainder when 76 is divided by 39?
37
What is the remainder when 285 is divided by 26?
25
What is the remainder when 750 is divided by 249?
3
What is the remainder when 5543 is divided by 18?
17
Calculate the remainder when 361 is divided by 111.
28
What is the remainder when 485 is divided by 162?
161
Calculate the remainder when 681 is divided by 241.
199
What is the remainder when 2854 is divided by 51?
49
Calculate the remainder when 12639 is divided by 86.
83
What is the remainder when 149 is divided by 23?
11
What is the remainder when 59 is divided by 30?
29
What is the remainder when 160 is divided by 45?
25
Calculate the remainder when 5980 is divided by 16.
12
Calculate the remainder when 264 is divided by 87.
3
Calculate the remainder when 381 is divided by 96.
93
What is the remainder when 1946 is divided by 65?
61
What is the remainder when 13719 is divided by 28?
27
Calculate the remainder when 117 is divided by 40.
37
What is the remainder when 736 is divided by 179?
20
Calculate the remainder when 56 is divided by 15.
11
Calculate the remainder when 800 is divided by 20.
0
Calculate the remainder when 106 is divided by 12.
10
What is the remainder when 181 is divided by 174?
7
Calculate the remainder when 1661 is divided by 827.
7
What is the remainder when 16 is divided by 3?
1
What is the remainder when 259 is divided by 34?
21
Calculate the remainder when 430 is divided by 108.
106
Calculate the remainder when 192 is divided by 45.
12
Calculate the remainder when 157 is divided by 11.
3
What is the remainder when 21605 is divided by 147?
143
Calculate the remainder when 257 is divided by 7.
5
Calculate the remainder when 737 is divided by 34.
23
What is the remainder when 1272 is divided by 14?
12
Calculate the remainder when 232 is divided by 59.
55
What is the rem